rime factors of 27674.
2, 101, 137
What are the prime factors of 19872392?
2, 2484049
List the prime factors of 12238521.
3, 17, 31, 7741
List the prime factors of 342944.
2, 7, 1531
What are the prime factors of 2132269?
1373, 1553
What are the prime factors of 14174875?
5, 11, 13, 61
What are the prime factors of 18316513?
19, 964027
What are the prime factors of 26375219?
13, 2028863
What are the prime factors of 2942248?
2, 367781
What are the prime factors of 565655?
5, 113131
What are the prime factors of 342423?
3, 38047
List the prime factors of 20044771.
29, 691199
List the prime factors of 3552.
2, 3, 37
What are the prime factors of 11687134?
2, 5843567
List the prime factors of 56653.
181, 313
What are the prime factors of 105599?
13, 8123
List the prime factors of 2612480.
2, 5, 13, 157
List the prime factors of 647244.
2, 3, 13, 461
List the prime factors of 5690227.
941, 6047
What are the prime factors of 10678472?
2, 7, 27241
List the prime factors of 13765278.
2, 3, 431, 5323
What are the prime factors of 7949062?
2, 11, 361321
What are the prime factors of 436455?
3, 5, 53, 61
List the prime factors of 7735598.
2, 13, 297523
What are the prime factors of 5104868?
2, 229, 5573
List the prime factors of 3189351.
3, 11, 127, 761
What are the prime factors of 4116927?
3, 29, 79, 599
What are the prime factors of 529240?
2, 5, 101, 131
List the prime factors of 19408.
2, 1213
List the prime factors of 5071226.
2, 313, 8101
List the prime factors of 144390.
2, 3, 5, 4813
What are the prime factors of 9270?
2, 3, 5, 103
List the prime factors of 1205903.
1205903
What are the prime factors of 3322827?
3, 191, 1933
What are the prime factors of 2057770?
2, 5, 11, 13, 1439
List the prime factors of 1695018.
2, 3, 13, 31, 701
What are the prime factors of 1763112?
2, 3, 13, 5651
List the prime factors of 9229728.
2, 3, 79, 1217
List the prime factors of 226062.
2, 3, 19, 661
What are the prime factors of 26480971?
11, 89, 2459
List the prime factors of 86364.
2, 3, 2399
List the prime factors of 4407216.
2, 3, 11, 17, 491
List the prime factors of 10479717.
3, 1164413
List the prime factors of 541792.
2, 16931
What are the prime factors of 383394?
2, 3, 11, 37, 157
List the prime factors of 97974.
2, 3, 5443
What are the prime factors of 242452?
2, 7, 1237
What are the prime factors of 178786?
2, 89393
List the prime factors of 3724573.
3724573
List the prime factors of 132489.
3, 7, 701
List the prime factors of 2469033.
3, 7, 39191
List the prime factors of 6805192.
2, 19, 44771
List the prime factors of 1425873.
3, 461, 1031
What are the prime factors of 3210643?
3210643
What are the prime factors of 10061293?
11, 257, 3559
What are the prime factors of 14700951?
3, 37, 131, 337
List the prime factors of 4124265.
3, 5, 274951
List the prime factors of 490877.
490877
What are the prime factors of 389631?
3, 11, 11807
List the prime factors of 3025195.
5, 605039
List the prime factors of 2706443.
2706443
What are the prime factors of 1089440?
2, 5, 11, 619
What are the prime factors of 817175?
5, 32687
List the prime factors of 2483591.
11, 225781
List the prime factors of 8731497.
3, 2910499
List the prime factors of 7328262.
2, 3, 19, 64283
What are the prime factors of 69517?
7, 9931
List the prime factors of 2511085.
5, 502217
List the prime factors of 31169974.
2, 11, 811, 1747
What are the prime factors of 786018?
2, 3, 269, 487
What are the prime factors of 736196?
2, 41, 67
List the prime factors of 613999.
613999
List the prime factors of 8327150.
2, 5, 13, 23, 557
List the prime factors of 1773242.
2, 373, 2377
What are the prime factors of 24884?
2, 6221
What are the prime factors of 1607636?
2, 401909
List the prime factors of 884863.
7, 83, 1523
What are the prime factors of 1063296?
2, 3, 13, 71
What are the prime factors of 5040188?
2, 1260047
What are the prime factors of 1563368?
2, 73, 2677
What are the prime factors of 16536312?
2, 3, 13, 151
What are the prime factors of 84814?
2, 42407
List the prime factors of 550070.
2, 5, 67, 821
What are the prime factors of 8785208?
2, 1098151
What are the prime factors of 10748811?
3, 17, 210761
List the prime factors of 4035265.
5, 13, 62081
What are the prime factors of 218066?
2, 107, 1019
What are the prime factors of 21713772?
2, 3, 1809481
List the prime factors of 321612.
2, 3, 26801
What are the prime factors of 1005725?
5, 7, 821
What are the prime factors of 128867?
31, 4157
List the prime factors of 9842028.
2, 3, 7, 117167
What are the prime factors of 241880?
2, 5, 6047
List the prime factors of 3179254.
2, 13, 122279
What are the prime factors of 13382542?
2, 1697, 3943
List the prime factors of 22634.
2, 11317
List the prime factors of 3958257.
3, 1319419
List the prime factors of 2382574.
2, 73, 16319
List the prime factors of 1635028.
2, 151, 2707
List the prime factors of 1408631.
7, 201233
What are the prime factors of 1961208?
2, 3, 27239
What are the prime factors of 2068417?
13, 107, 1487
What are the prime factors of 1276302?
2, 3, 281, 757
List the prime factors of 83328.
2, 3, 7, 31
What are the prime factors of 284301?
3, 31, 1019
What are the prime factors of 1072579?
457, 2347
What are the prime factors of 10340941?
13, 43, 1423
What are the prime factors of 28562756?
2, 7140689
What are the prime factors of 6928506?
2, 3, 13, 29, 1021
List the prime factors of 114966.
2, 3, 2129
List the prime factors of 13326049.
11, 19, 63761
What are the prime factors of 1566168?
2, 3, 65257
What are the prime factors of 882477?
3, 31, 3163
What are the prime factors of 1297543?
13, 151, 661
What are the prime factors of 6075011?
41, 148171
What are the prime factors of 1426916?
2, 29, 12301
What are the prime factors of 18629835?
3, 5, 7, 177427
What are the prime factors of 30837162?
2, 3, 5139527
What are the prime factors of 14703154?
2, 53, 59, 2351
List the prime factors of 1067819.
19, 43, 1307
List the prime factors of 60585.
3, 5, 7, 577
What are the prime factors of 211106?
2, 7, 17, 887
What are the prime factors of 9404690?
2, 5, 940469
List the prime factors of 4538313.
3, 13, 79, 491
List the prime factors of 1208658.
2, 3, 11, 18313
List the prime factors of 214187.
19, 11273
List the prime factors of 286729.
19, 15091
List the prime factors of 2117981.
61, 34721
List the prime factors of 6725015.
5, 11, 122273
What are the prime factors of 133110?
2, 3, 5, 17, 29
What are the prime factors of 14634384?
2, 3, 304883
What are the prime factors of 130925?
5, 5237
List the prime factors of 5115159.
3, 7, 1657
List the prime factors of 147027.
3, 49009
List the prime factors of 462162.
2, 3, 17, 23, 197
List the prime factors of 843107.
31, 27197
What are the prime factors of 782144?
2, 11, 101
What are the prime factors of 843799?
11, 79, 971
List the prime factors of 6075218.
2, 1627, 1867
What are the prime factors of 5080732?
2, 1270183
List the prime factors of 131365.
5, 13, 43, 47
What are the prime factors of 12720931?
59, 251, 859
What are the prime factors of 1267680?
2, 3, 5, 19, 139
What are the prime factors of 196791?
3, 7, 9371
List the prime factors of 21012531.
3, 127, 131, 421
List the prime factors of 558858.
2, 3, 17, 5479
List the prime factors of 21810656.
2, 7, 97369
What are the prime factors of 29443952?
2, 109, 16883
List the prime factors of 27406242.
2, 3, 507523
What are the prime factors of 6430377?
3, 2143459
List the prime factors of 42144.
2, 3, 439
What are the prime factors of 439781?
439781
List the prime factors of 71408.
2, 4463
List the prime factors of 3408550.
2, 5, 68171
What are the prime factors of 28859961?
3, 13, 56923
What are the prime factors of 343267?
343267
What are the prime factors of 2656246?
2, 239, 5557
What are the prime factors of 3838589?
19, 202031
What are the prime factors of 2538216?
2, 3, 3917
List the prime factors of 457040.
2, 5, 29, 197
What are the prime factors of 396764?
2, 99191
List the prime factors of 324336.
2, 3, 29, 233
List the prime factors of 245155.
5, 49031
What are the prime factors of 10222559?
17, 349, 1723
What are the prime factors of 9135990?
2, 3, 5, 11279
What are the prime factors of 526529?
181, 2909
What are the prime factors of 1011401?
587, 1723
What